{"id":474,"date":"2020-05-02T15:24:08","date_gmt":"2020-05-02T13:24:08","guid":{"rendered":"http:\/\/shaggyfluff.pl\/?page_id=474"},"modified":"2024-11-27T14:44:08","modified_gmt":"2024-11-27T13:44:08","slug":"wystawy","status":"publish","type":"page","link":"https:\/\/shaggyfluff.pl\/index.php\/nasze-psy\/szpic-wilczy\/chilli-element-of-me\/wystawy\/","title":{"rendered":"Wystawy"},"content":{"rendered":"\n<p><strong><em>OSI\u0104GNI\u0118CIA Z WYSTAW:<\/em><\/strong><\/p>\n\n\n\n<p><strong>24.04.2024<\/strong> Grudzi\u0105dz<br>XLVI Krajowa Wystawa Ps\u00f3w Rasowych (dzienna)<br>ocena doskona\u0142a, lokata I, Najlepsza Doros\u0142a Suka, Zwyci\u0119zca Rasy BOB  (CWC\/CAC) <\/p>\n\n\n\n<p><strong>3-4,09.2022<\/strong>&nbsp;Ko\u0142obrzeg<br>III Mi\u0119dzynarodowa Wystawa Ps\u00f3w Rasowych<br> ocena doskona\u0142a, lokata I, Najlepsza Doros\u0142a Suka, Zwyci\u0119zca Rasy BOB (CWC\/CAC CACIB) <\/p>\n\n\n\n<p><strong>14.11.2021<\/strong> Pozna\u0144<br>Mi\u0119dzynarodowa Wystawa Ps\u00f3w Rasowych<br> ocena doskona\u0142a, lokata I, Najlepsza Doros\u0142a Suka, Zwyci\u0119zca P\u0142ci Przeciwnej BOS (CWC\/CAC, CACIB) <br> <strong>ZWYCI\u0118ZCA POLSKI <\/strong><br><\/p>\n\n\n\n<p><strong>25-26.09.2021<\/strong> Wroc\u0142aw<br>XXVIII Mi\u0119dzynarodowa Wystawa Ps\u00f3w Rasowych (CACIB)<br>ocena doskona\u0142a, lokata I, Najlepsza Doros\u0142a Suka, Zwyci\u0119zca P\u0142ci Przeciwnej BOS (CWC\/CAC, CACIB)<br><strong>Nominacja CRUFTS 2022<\/strong><\/p>\n\n\n\n<p><strong>28-29.08.2021<\/strong> Rybnik<br>II Mi\u0119dzynarodowa Wystawa Ps\u00f3w Rasowych (CACIB)<br>ocena doskona\u0142a, lokata I, Najlepsza Doros\u0142a Suka, Zwyci\u0119zca P\u0142ci Przeciwnej BOS (CWC\/CAC, CACIB)<\/p>\n\n\n\n<p><strong>21-22.08.2021<\/strong> Bia\u0142ystok<br>XIV Mi\u0119dzynarodowa Wystawa Ps\u00f3w Rasowych<br>ocena doskona\u0142a, lokata I (CWC\/CAC, CACIB)<\/p>\n\n\n\n<p><strong>4.07.2021<\/strong> Ostr\u00f3da<br>XLVII Warmi\u0144sko-Mazurska Wystawa Ps\u00f3w Rasowych<br>ocena doskona\u0142a, lokata I, Najlepsza Doros\u0142a Suka, Zwyci\u0119zca Rasy BOB (CWC\/CAC)<\/p>\n\n\n\n<p><strong>03-04.10.2020<\/strong>\u00a0Nowy Dw\u00f3r Mazowiecki<br>45 Krajowa Wystawa Ps\u00f3w Rasowych<br>ocena doskona\u0142a, lokata I, Najlepsza Doros\u0142a Suka,  (CWC\/CAC)<\/p>\n\n\n\n<p><strong>26-27.09.2020<\/strong>&nbsp;Leszno<br>Mi\u0119dzynarodowa Wystawa Ps\u00f3w PRESTIGE<br>ocena doskona\u0142a, lokata I, Najlepsza Doros\u0142a Suka, Zwyci\u0119zca Rasy BOB (CWC\/CAC CACIB)<\/p>\n\n\n\n<p><strong>13.09.2020<\/strong> Gorz\u00f3w Wielkopolski<br>IX Jesienna Wystawa Ps\u00f3w Rasowych<br>ocena doskona\u0142a, Lokata I, Zwyci\u0119zca M\u0142odzie\u017cy, BOS<\/p>\n\n\n\n<p><strong>15-16.08.2020<\/strong> Golub-Dobrzy\u0144<br>53. Krajowa Wystawa Ps\u00f3w Rasowych<br>ocena doskona\u0142a, Lokata I, BOS (CWC\/CAC)<\/p>\n\n\n\n<p><\/p>\n\n\n\n<p><strong>15-16.02.2020<\/strong> Bydgoszcz<br>II Mi\u0119dzynarodowa Wystawa Ps\u00f3w Rasowych<br>ocena doskona\u0142a, Lokata I, Zwyci\u0119zca M\u0142odzie\u017cy<\/p>\n\n\n\n<p><\/p>\n\n\n\n<p><strong>18-19.01.2020<\/strong> Lubin<br>VII Mi\u0119dzynarodowa Wystawa Ps\u00f3w Rasowych<br>ocena doskona\u0142a, Lokata I,  Zwyci\u0119zca M\u0142odzie\u017cy<\/p>\n\n\n\n<p><\/p>\n\n\n\n<p><strong>11-12.01.2020<\/strong> Brodnica<br>VI Krajowa Wystawa Ps\u00f3w Rasowych<br>Wybitnie obiecuj\u0105ca, Lokata I, Najlepsze Szczeni\u0119 w Rasie<\/p>\n\n\n\n<p><\/p>\n\n\n\n<p><strong>19.10.2019 <\/strong>Wroc\u0142aw<br>VVVIII Klubowa Wystawa Szpic\u00f3w i Ps\u00f3w Ras Pierwotnych<br>Wybitnie obiecuj\u0105ca, Lokata I, Najlepsze Szczeni\u0119 w Rasie<\/p>\n\n\n\n<p><\/p>\n\n\n\n<p><strong>22.09.2019<\/strong> Minikowo<br>XII Krajowa Wystawa Szpic\u00f3w I Ps\u00f3w Pierwotnych<br><strong>Naj\u0142adniejsze M\u0142odsze Szczeni\u0119 Wystawy (BIS<\/strong>)<br>ocena wybitnie obiecuj\u0105ca, Lokata I, Najlepsze M\u0142odsze Szczeni\u0119 w Rasie<\/p>\n\n\n\n<p><\/p>\n\n\n\n<p><strong>8.09.2019<\/strong> Inowroc\u0142aw ( pierwsza wystawa)<br>XXXIV Krajowa Wystawa Ps\u00f3w Rasowych<br>ocena wybitnie obiecuj\u0105ca, Lokata I, Najlepsze M\u0142odsze Szczeni\u0119 w Rasie<\/p>\n","protected":false},"excerpt":{"rendered":"<p>OSI\u0104GNI\u0118CIA Z WYSTAW: 24.04.2024 Grudzi\u0105dzXLVI Krajowa Wystawa Ps\u00f3w Rasowych (dzienna)ocena doskona\u0142a, lokata I, Najlepsza Doros\u0142a Suka, Zwyci\u0119zca Rasy BOB (CWC\/CAC) 3-4,09.2022&nbsp;Ko\u0142obrzegIII Mi\u0119dzynarodowa Wystawa Ps\u00f3w Rasowych ocena doskona\u0142a, lokata I, Najlepsza Doros\u0142a Suka, Zwyci\u0119zca Rasy BOB (CWC\/CAC CACIB) 14.11.2021 Pozna\u0144Mi\u0119dzynarodowa Wystawa [&hellip;]<\/p>\n","protected":false},"author":1,"featured_media":0,"parent":48,"menu_order":0,"comment_status":"closed","ping_status":"closed","template":"","meta":[],"_links":{"self":[{"href":"https:\/\/shaggyfluff.pl\/index.php\/wp-json\/wp\/v2\/pages\/474"}],"collection":[{"href":"https:\/\/shaggyfluff.pl\/index.php\/wp-json\/wp\/v2\/pages"}],"about":[{"href":"https:\/\/shaggyfluff.pl\/index.php\/wp-json\/wp\/v2\/types\/page"}],"author":[{"embeddable":true,"href":"https:\/\/shaggyfluff.pl\/index.php\/wp-json\/wp\/v2\/users\/1"}],"replies":[{"embeddable":true,"href":"https:\/\/shaggyfluff.pl\/index.php\/wp-json\/wp\/v2\/comments?post=474"}],"version-history":[{"count":20,"href":"https:\/\/shaggyfluff.pl\/index.php\/wp-json\/wp\/v2\/pages\/474\/revisions"}],"predecessor-version":[{"id":3156,"href":"https:\/\/shaggyfluff.pl\/index.php\/wp-json\/wp\/v2\/pages\/474\/revisions\/3156"}],"up":[{"embeddable":true,"href":"https:\/\/shaggyfluff.pl\/index.php\/wp-json\/wp\/v2\/pages\/48"}],"wp:attachment":[{"href":"https:\/\/shaggyfluff.pl\/index.php\/wp-json\/wp\/v2\/media?parent=474"}],"curies":[{"name":"wp","href":"https:\/\/api.w.org\/{rel}","templated":true}]}}