{"id":304,"date":"2020-05-01T18:12:44","date_gmt":"2020-05-01T16:12:44","guid":{"rendered":"http:\/\/shaggyfluff.pl\/?page_id=304"},"modified":"2024-11-28T22:27:10","modified_gmt":"2024-11-28T21:27:10","slug":"wystawy","status":"publish","type":"page","link":"https:\/\/shaggyfluff.pl\/index.php\/nasze-psy\/szpic-wilczy\/hogan-patland\/wystawy\/","title":{"rendered":"Wystawy"},"content":{"rendered":"\n<p><strong><em>OSI\u0104GNI\u0118CIA Z WYSTAW:<\/em><\/strong><\/p>\n\n\n\n<p><strong>17.08.2024<\/strong> Gniezno<br>ocena doskona\u0142a, lokata I, Najlepszy Doros\u0142y Pies, BOS (CWC\/CAC) <\/p>\n\n\n\n<p> <strong>21.04.2024<\/strong> Inowroc\u0142aw<br>XXXVI Krajowa Wystawa Ps\u00f3w Rasowych<br>ocena doskona\u0142a, Najlepszy Doros\u0142y Pies, Zwyci\u0119zca Rasy (CWC\/CAC) <\/p>\n\n\n\n<p>7.01.2024 Gdynia<br>III Mi\u0119dzynarodowa Wystawa Ps\u00f3w Rasowych<br>ocena doskona\u0142a, lokata I, Najlepszy Doros\u0142y Pies, BOS (CWC\/CAC CACIB) <\/p>\n\n\n\n<p><strong>7-8.10.2023<\/strong> Nowy Dw\u00f3r Mazowiecki<br>52 Jesienna Wystawa Ps\u00f3w Rasowych<br>ocena doskona\u0142a, Najlepszy Doros\u0142y Pies, Zwyci\u0119zca Rasy BOB (CWC\/CAC) <\/p>\n\n\n\n<p> <strong>3-4.06.2023<\/strong> Dar\u0142\u00f3wko<br>IV Mi\u0119dzynarodowa Wystawa Ps\u00f3w Rasowych<br>ocena doskona\u0142a, Najlepszy Doros\u0142y Pies, Zwyci\u0119zca Rasy BOB (CWC\/CAC CACIB) <\/p>\n\n\n\n<p><strong>21.05.2023<\/strong> Ustka<br>XXXII Krajowa Wystawa Ps\u00f3w Rasowych<br>ocena doskona\u0142a, Najlepszy Doros\u0142y Pies, Zwyci\u0119zca Rasy (CWC\/CAC)  <\/p>\n\n\n\n<p><strong>23.04.2023<\/strong> Inowroc\u0142aw<br>XXXV Krajowa Wystawa Ps\u00f3w Rasowych<br>ocena doskona\u0142a, Najlepszy Doros\u0142y Pies, Zwyci\u0119zca Rasy (CWC\/CAC) <\/p>\n\n\n\n<p><strong>21.05.2022<\/strong> Wroc\u0142aw<br>VIII Wroc\u0142awska Wystawa Szpic\u00f3w i Ps\u00f3w Ras Pierwotnych<br> ocena doskona\u0142a, Najlepszy Doros\u0142y Pies, BOS  (CWC\/CAC)<br><strong> Najlepsza para wystawy lok.4 <\/strong>wraz z Sony\u0105<\/p>\n\n\n\n<p><\/p>\n\n\n\n<p><strong>12-13-02.2022<\/strong> Katowice<br>Jubileuszowa XXV Mi\u0119dzynarodowa Wystawa Ps\u00f3w Rasowych<br> ocena doskona\u0142a, lokata I (CWC\/CAC, Res. CACIB) <\/p>\n\n\n\n<p><strong>13.11.2021<\/strong> Pozna\u0144<br>Mi\u0119dzynarodowa Wystawa Ps\u00f3w Rasowych<br> ocena doskona\u0142a, lokata II, (Res. CACIB) <br><\/p>\n\n\n\n<p><strong>3.10.2021<\/strong>&nbsp;Lipno<br>XXXII Krajowa Kujawska Wystawa Ps\u00f3w Rasowych<br>ocena doskona\u0142a, Najlepszy Doros\u0142y Pies, Zwyci\u0119zca Rasy (CWC\/CAC)<br><strong>Najlepszy Pies w Grupie V BIS<\/strong> &#8211; <strong>Lokata II<\/strong><\/p>\n\n\n\n<p><\/p>\n\n\n\n<p><strong>28-29.08.2021<\/strong>&nbsp;Rybnik<br>Mi\u0119dzynarodowa Wystawa Ps\u00f3w Rasowych (CACIB)<br>ocena doskona\u0142a, lokata II, (Res. CACIB)<\/p>\n\n\n\n<p><\/p>\n\n\n\n<p><strong>21-22.08.2021<\/strong>&nbsp;Bia\u0142ystok<br>XIV Mi\u0119dzynarodowa Wystawa Ps\u00f3w Rasowych<br>ocena doskona\u0142a, lokata I (CWC\/CAC, Res. CACIB)<\/p>\n\n\n\n<p><\/p>\n\n\n\n<p><strong>15.08.2021 <\/strong>Sopot<br>ocena doskona\u0142a, Lokata II, (Res. CACIB)<\/p>\n\n\n\n<p><\/p>\n\n\n\n<p><strong>17-18.07.2021 <\/strong>Bydgoszcz<br><span class=\"has-inline-color has-black-color\">III Mi\u0119dzynarodowa Wystawa Ps\u00f3w Rasowych (CACIB)<\/span><br>ocena doskona\u0142a, Lokata III<br><\/p>\n\n\n\n<p><strong>12.06.2021&nbsp;<\/strong>Zakrz\u00f3w<br>28 Krajowa Wystawa Ps\u00f3w Rasowych w Raciborzu<br>ocena doskona\u0142a, Lokata I (CWC\/CAC)<\/p>\n\n\n\n<p><\/p>\n\n\n\n<p><strong><strong>5-6.06.2021<\/strong>&nbsp;<\/strong>Manowo<br>55. Krajowa Wystawa Ps\u00f3w Rasowych<br>ocena doskona\u0142a, Lokata I, Najlepszy Doros\u0142y Pies, Zwyci\u0119zca Rasy (CWC\/CAC)<\/p>\n\n\n\n<p><\/p>\n\n\n\n<p><strong>26-27.09.2020<\/strong> Leszno<br>Mi\u0119dzynarodowa Wystawa Ps\u00f3w PRESTIGE<br>ocena doskona\u0142a, lokata I, Najlepszy Doros\u0142y Pies, BOS (CWC\/CAC CACIB)<\/p>\n\n\n\n<p><\/p>\n\n\n\n<p><strong>11-12.01.2020<\/strong> Brodnica<br>VI Krajowa Ps\u00f3w Rasowych<br>ocena doskona\u0142a, Najlepszy Doros\u0142y Pies, Zwyci\u0119zca Rasy (CWC\/CAC)<\/p>\n\n\n\n<p><\/p>\n\n\n\n<p><strong>19.10.2019<\/strong> Wroc\u0142aw (klubowa)<br>XXVIII Klubowa Wystawa Szpic\u00f3w i Ps\u00f3w Ras Pierwotnych<br>ocena doskona\u0142a, (CWC\/CAC)<\/p>\n\n\n\n<p><\/p>\n\n\n\n<p><strong>22.09.2019<\/strong> Minikowo<br>XII Krajowa Wystawa Szpic\u00f3w i Ps\u00f3w Pierwotnych<br>ocena doskona\u0142a, Najlepszy Doros\u0142y Pies, Zwyci\u0119zca Rasy (CWC\/CAC)<\/p>\n\n\n\n<p><\/p>\n\n\n\n<p><strong>08.09.2019<\/strong> Inowroc\u0142aw<br>XXXIV Krajowa Wystawa Ps\u00f3w Rasowych<br>ocena doskona\u0142a, Najlepszy Doros\u0142y Pies, Zwyci\u0119zca Rasy (CWC\/CAC)<\/p>\n\n\n\n<p><\/p>\n\n\n\n<p><strong>22-23.06.2019<\/strong> Szczecin<br>XXV Mi\u0119dzynarodowa Wystawa Ps\u00f3w Rasowych<br>ocena doskona\u0142a, Najlepszy Doros\u0142y Pies, Zwyci\u0119zca Rasy (CWC\/CAC CACIB)<\/p>\n\n\n\n<p><\/p>\n\n\n\n<p><strong>16.06.2019 <\/strong>Lipno<br>Mi\u0119dzynarodowa Wystawa Ps\u00f3w Rasowych<br>ocena doskona\u0142a, Najlepszy Doros\u0142y Pies, Zwyci\u0119zca Rasy (CWC\/CAC)<\/p>\n\n\n\n<p><\/p>\n\n\n\n<p><strong>25-26.05.2019<\/strong> Leszno<br>Mi\u0119dzynarodowa Wystawa Ps\u00f3w Rasowych<br>ocena doskona\u0142a, Zwyci\u0119zca M\u0142odzie\u017cy, Najlepszy Junior<\/p>\n\n\n\n<p><\/p>\n\n\n\n<p><strong>1-12.5.2019<\/strong> \u0141\u00f3d\u017a<br>XXVII Mi\u0119dzynarodowa Wystawa Ps\u00f3w Rasowych<br>ocena doskona\u0142a, lokata I<\/p>\n\n\n\n<p><\/p>\n\n\n\n<p><strong>13.04.2019<\/strong> Grudzi\u0105dz (popo\u0142udniowa)<br>V Krajowa Wystawa Ps\u00f3w Rasowych<br>ocena doskona\u0142a, Zwyci\u0119zca M\u0142odzie\u017cy, Najlepszy Junior, Zwyci\u0119zca Rasy<\/p>\n\n\n\n<p><\/p>\n\n\n\n<p><strong>13.04.2019<\/strong> Grudzi\u0105dz (dzienna)<br>XLIII Krajowa Wystawa Ps\u00f3w Rasowych<br>ocena doskona\u0142a, Zwyci\u0119zca M\u0142odzie\u017cy, Najlepszy Junior, Zwyci\u0119zca Rasy<\/p>\n\n\n\n<p><\/p>\n\n\n\n<p><strong>24.03.2019 <\/strong>Zielona G\u00f3ra<br>Jubileuszowa Zielonog\u00f3rska Wystawa Ps\u00f3w Rasowych<br>ocena doskona\u0142a, Zwyci\u0119zca M\u0142odzie\u017cy, Najlepszy Junior, Zwyci\u0119zca Rasy<\/p>\n\n\n\n<p><\/p>\n\n\n\n<p><strong>16-17.02.2019<\/strong> Bydgoszcz (pierwsza wystawa)<br>XIV WalentynkowaWystawa Ps\u00f3w Rasowych<br>ocena doskona\u0142a, miejsce III<\/p>\n","protected":false},"excerpt":{"rendered":"<p>OSI\u0104GNI\u0118CIA Z WYSTAW: 17.08.2024 Gnieznoocena doskona\u0142a, lokata I, Najlepszy Doros\u0142y Pies, BOS (CWC\/CAC) 21.04.2024 Inowroc\u0142awXXXVI Krajowa Wystawa Ps\u00f3w Rasowychocena doskona\u0142a, Najlepszy Doros\u0142y Pies, Zwyci\u0119zca Rasy (CWC\/CAC) 7.01.2024 GdyniaIII Mi\u0119dzynarodowa Wystawa Ps\u00f3w Rasowychocena doskona\u0142a, lokata I, Najlepszy Doros\u0142y Pies, BOS (CWC\/CAC [&hellip;]<\/p>\n","protected":false},"author":1,"featured_media":0,"parent":43,"menu_order":0,"comment_status":"closed","ping_status":"closed","template":"","meta":[],"_links":{"self":[{"href":"https:\/\/shaggyfluff.pl\/index.php\/wp-json\/wp\/v2\/pages\/304"}],"collection":[{"href":"https:\/\/shaggyfluff.pl\/index.php\/wp-json\/wp\/v2\/pages"}],"about":[{"href":"https:\/\/shaggyfluff.pl\/index.php\/wp-json\/wp\/v2\/types\/page"}],"author":[{"embeddable":true,"href":"https:\/\/shaggyfluff.pl\/index.php\/wp-json\/wp\/v2\/users\/1"}],"replies":[{"embeddable":true,"href":"https:\/\/shaggyfluff.pl\/index.php\/wp-json\/wp\/v2\/comments?post=304"}],"version-history":[{"count":25,"href":"https:\/\/shaggyfluff.pl\/index.php\/wp-json\/wp\/v2\/pages\/304\/revisions"}],"predecessor-version":[{"id":3168,"href":"https:\/\/shaggyfluff.pl\/index.php\/wp-json\/wp\/v2\/pages\/304\/revisions\/3168"}],"up":[{"embeddable":true,"href":"https:\/\/shaggyfluff.pl\/index.php\/wp-json\/wp\/v2\/pages\/43"}],"wp:attachment":[{"href":"https:\/\/shaggyfluff.pl\/index.php\/wp-json\/wp\/v2\/media?parent=304"}],"curies":[{"name":"wp","href":"https:\/\/api.w.org\/{rel}","templated":true}]}}